) + 11?
5
Let z = 45 + -23. Let q be (12/14)/((-3)/(-2))*7. Suppose q*y = -7*y + 715. What is the remainder when y is divided by z?
21
Let x be -3*8*(-5)/(-6). Let n be (60/(-25))/((-3)/x). Let p = n + 29. Calculate the remainder when p is divided by 5.
3
Calculate the remainder when 18/(-36) - (-507)/6 is divided by 44.
40
Suppose 4*j - f - 148 = 0, 14*j - 108 = 10*j - 4*f. Let x(w) = 18*w - 7. What is the remainder when x(6) is divided by j?
31
Let u = -106 + 99. Let c(m) = m**2 + 3*m - 7. Let f(j) = 3*j - 1. Calculate the remainder when c(u) is divided by f(4).
10
Let t = 232 - 157. Suppose t = 8*f - 3*f. Suppose -3*p + 40 = 2*p. Calculate the remainder when f is divided by p.
7
Let x = -51 + 54. Suppose -5*g = -0*j + x*j - 26, 4*j - 24 = 4*g. Calculate the remainder when 18 is divided by j.
4
Suppose 1057 = -4*s + 9*s - h, 4*s - 2*h - 842 = 0. What is the remainder when s is divided by 26?
4
Let o be 4*(1 - (-6)/8). Let v = -7 - -14. Suppose -1 = w, -2*w + o*w + v = u. Calculate the remainder when 6 is divided by u.
0
Suppose 2*l - 4 = 28. Let c = 29 - l. Let t(z) = 9*z + 4. Calculate the remainder when t(5) is divided by c.
10
Let s(g) = 964*g + 4861. Let t(d) = -d**3 + 3*d**2 + 7*d - 5. Suppose -5*c = -3*x + 2, x + 3*x - 4*c = 8. What is the remainder when s(-5) is divided by t(x)?
6
Suppose 2*f = l - 44, -3*l - 5*f + 135 = -10*f. Let m be (-8)/(-2) + -110 + 2. What is the remainder when l is divided by m/(-6) + -3 + 40/15?
16
Suppose 2*b - 67*z = -70*z + 44, 22 = b - 3*z. What is the remainder when b is divided by 12?
10
Let z = -146 + 353. Calculate the remainder when z is divided by 13.
12
Let n(f) = f**2 + 15*f - 46. Suppose -2*o - 3*o = -x - 285, 0 = -2*x. Calculate the remainder when o is divided by n(-19).
27
Suppose -4 = -5*h + 21. Let o = 256 - -98. Suppose s - o = -h*s. What is the remainder when s is divided by 15?
14
Let o = 3 + -1. Suppose 0*i + 3*i - 27 = o*z, 0 = -z - 5*i - 7. Let n(h) = h**2 + 11*h - 1. Calculate the remainder when 30 is divided by n(z).
8
Suppose 0*q - 3*f = -4*q + 588, 0 = -2*f. What is the remainder when q is divided by 53?
41
Suppose 5 = -m + 4. Let w be (-2)/(-6)*6 + m. Suppose -5*x - 4*v = -14 - 8, -5*x + 3*v + w = 0. What is the remainder when 7 is divided by x?
1
Suppose 2*n - 36 = -7*n. What is the remainder when (-5)/(n + (-109)/27) is divided by 23?
20
Suppose -147 = -2*m - 5*l, -m - 14*l + 12*l = -72. What is the remainder when 258 is divided by m?
60
Let b(r) = r**3 - 2*r**2 + 4. Let o be b(4). Suppose -13*n + o = -11*n. Let a = 19 - n. What is the remainder when a is divided by 1?
0
Suppose -2*l + 4*l - 18 = 0. Suppose 0 = 82*k - 91*k + 54. What is the remainder when l is divided by k?
3
Let q = -114 + 120. Suppose -6 = -2*b + 6. Suppose -b*w + 10 = -w. What is the remainder when q is divided by w?
0
Let x(z) = -z**3 + 18*z**2 + 6*z - 57. What is the remainder when x(18) is divided by 13?
12
Suppose -5*l + 2*n = -31, -43 = -4*l + 3*n - 14. Suppose -l*y = -10*y + 130. What is the remainder when ((-70)/3 - 2)*-3 is divided by y?
24
Suppose p - 2*u = 24, 0 = -6*p + 10*p + 3*u - 63. What is the remainder when 48 is divided by p?
12
Suppose 543*y = 540*y + 18. Calculate the remainder when 32 is divided by y.
2
Let q = 30 + -18. Suppose -5*d + 72 = q. Calculate the remainder when d is divided by 5.
2
Let m = -50 + 29. Let c = 1 - m. Calculate the remainder when 1/((-5)/(-5)) - 2 - -43 is divided by c.
20
Suppose 50 - 12 = -d + 2*f, -3*f - 15 = 0. Let t = -34 - d. What is the remainder when 69 is divided by t?
13
Let z = 9 - 5. Suppose 4*o + o - 125 = 0. What is the remainder when o is divided by z/30 - (-532)/60?
7
Let a(g) = 2*g + 8. Calculate the remainder when 34 is divided by a(0).
2
Suppose w = -3*w + 164. Calculate the remainder when w is divided by 1/((-4)/(-42 + -2)).
8
Suppose -332 = -8*i + 252. What is the remainder when i is divided by 19?
16
Suppose -w + 26 = w + 3*b, 42 = 2*w - b. Suppose 71 + w = -2*l - 4*r, l + 5*r + 45 = 0. Let v = l + 79. Calculate the remainder when v is divided by 12.
10
Let j = -8 - -11. Suppose k - 5 + 0 = -2*x, j*k = x + 1. Suppose x*y - 6*y = -280. What is the remainder when y is divided by 18?
16
Suppose -86 = -4*k + q, 4*k - 3*q + 8*q - 74 = 0. What is the remainder when 122 is divided by k?
17
What is the remainder when 6 is divided by (-195)/(-520) - 21/(-8)?
0
Let r = 47 + -83. What is the remainder when 51 is divided by (-9)/4 + 27/r - -21?
15
Let m = 57 + -59. Calculate the remainder when 75 is divided by m/18*-2 + 1624/63.
23
Suppose -52*m = -54*m + 5*w + 1, 4*m - 2*w - 26 = 0. Let y = 32 - -12. Calculate the remainder when y is divided by m.
4
Let l = 3 - -11. Let g = -4 + 9. Suppose 2*n - 2 = 2*r, 42 - 13 = g*n + 3*r. Calculate the remainder when l is divided by n.
2
Let c(y) = 15*y + 42. Calculate the remainder when c(19) is divided by 7.
5
What is the remainder when 585/3 - (-1 - 2) is divided by 56?
30
Let b(l) = 9 - l - 5 + 9. Calculate the remainder when 50 is divided by b(0).
11
Suppose -w + 1184 = w - 3*o, 1770 = 3*w - 3*o. Calculate the remainder when w is divided by 19.
16
Let o = 131 - -21. Calculate the remainder when o is divided by 14.
12
Let u(o) = 28*o**2 + 3*o + 3. Let m(t) = -780*t + 10178. What is the remainder when u(3) is divided by m(13)?
36
Suppose 0 = -3*o + 7 + 8. Suppose -15 = o*w - 80. Suppose 5*k - x - 22 = 0, -2*k = -k + 3*x + 2. What is the remainder when w is divided by k?
1
Let m(f) = -2*f**3 - 4*f**2 - 4*f - 2. Let w be m(-2). Let z = 145 + -99. Suppose 4*q = w*q - z. What is the remainder when 65 is divided by q?
19
Let a = -26 - -26. Suppose a = 5*y + 10, 58 = 3*g + 5*y + 2. Calculate the remainder when 1/((-2)/(-4)) + 63 is divided by g.
21
Suppose 0*u = -3*u + 6. Suppose 2*v - 16 - 24 = d, v - u*d = 20. Calculate the remainder when 77 is divided by v.
17
Let u = -40 + 41. Suppose -3*g + 4*l - 5*l + 13 = 0, -4*g + 20 = 2*l. What is the remainder when g is divided by u?
0
Let f(j) = 8*j - 4*j + 3*j + 2*j - 4. What is the remainder when f(2) is divided by 3?
2
Suppose 44 - 111 = -b. Let d be 0 - 0 - (11 + -43). Suppose 3*x - 36 = -3*z + 5*z, -4*z = -2*x + d. Calculate the remainder when b is divided by x.
7
What is the remainder when 1347 is divided by -1 + 4/16*64?
12
What is the remainder when 6/4*136/12 is divided by 39/4 + (-2)/(-8)?
7
Suppose b + 498 = 2*g, -2*g = -g + 3*b - 235. Calculate the remainder when g is divided by 50.
47
What is the remainder when 507 is divided by (17/68)/(3/1020)?
82
Suppose -7177 = -10*s + 503. Calculate the remainder when s is divided by 70.
68
Let w(s) = -s**2 - 13*s - 9. Let m(o) = 2*o**2 + 6*o + 15. What is the remainder when m(-6) is divided by w(-9)?
24
What is the remainder when 133 is divided by (-3 - 114/(-4))*(-8)/(-6)?
31
Suppose 77 = 13*b + 12. Suppose -c - 3*c + 3*o = -504, 0 = -4*c - b*o + 536. What is the remainder when c is divided by 33?
30
Let d(u) = 5*u + 1. Let p(y) = 6*y**2 - 1. Let o be p(1). Let i = o - -7. Calculate the remainder when d(4) is divided by i.
9
Suppose -4*z = -0*z - 2*w - 26, 3*z = 3*w + 15. Calculate the remainder when 109 is divided by z.
5
Let d = -17 + 37. Suppose 0 = v + v + 5*j - 65, -34 = -v - 2*j. Let r = -2 + v. Calculate the remainder when r is divided by d.
18
Let u(h) = -h**3 + 8*h**2 + 25*h - 7. Let d = 57 - 47. Suppose 22 = -3*r + 5*r. Calculate the remainder when u(d) is divided by r.
10
Suppose 4*t = -5*h + 295, 0 = -h + 3*t - t + 59. Suppose -h + 3 = -2*c. What is the remainder when 54 is divided by c?
26
Suppose 2*s + 0*s = 5*c + 54, 0 = -5*s - 5*c + 100. Let k(r) = 16*r - 132. What is the remainder when s is divided by k(9)?
10
Let t = 54 - 30. What is the remainder when (-61)/(-6) - 4/t is divided by ((-24)/(-18))/((-2)/(-6))?
2
Suppose -2*q = -69 - 71. Suppose q = -4*x + 9*x. What is the remainder when 55 is divided by x?
13
What is the remainder when 52 is divided by -4*(-6)/8*(-116)/(-12)?
23
Let h(z) = -z**2 + 12*z + 1. Let x be h(12). Calculate the remainder when (x - -2)*100/6 is divided by 17.
16
Let o = 70 + -56. Let s(j) = j**2 - 5*j - 1. Let w be s(6). Suppose -w*v = -2*v - 75. What is the remainder when v is divided by o?
11
Suppose -22*x = -7388 - 6296. Calculate the remainder when x is divided by 16.
14
Let